
False
Is 8332 a multiple of 4?
True
Does 13 divide 2847?
True
Is 11 a factor of 286?
True
Is 510 a multiple of 17?
True
Is 8711 a multiple of 25?
False
Is 36344 a multiple of 14?
True
Does 8 divide 520?
True
Is 13 a factor of 4576?
True
Is 14880 a multiple of 5?
True
Is 21 a factor of 105?
True
Does 13 divide 5941?
True
Is 6 a factor of 5933?
False
Does 10 divide 780?
True
Is 53122 a multiple of 297?
False
Is 6385 a multiple of 32?
False
Is 114 a factor of 117793?
False
Is 42 a factor of 2121?
False
Is 20 even?
True
Does 7 divide 504?
True
Does 92 divide 22908?
True
Does 23 divide 31533?
True
Does 3 divide 145?
False
Does 162 divide 25272?
True
Is 3544 a multiple of 8?
True
Is 11163 a multiple of 109?
False
Does 4 divide 216?
True
Does 5 divide 1134?
False
Is 320 a multiple of 20?
True
Is 5691 a multiple of 77?
False
Is 15 a factor of 38411?
False
Is 37897 a multiple of 6?
False
Is 1576 a multiple of 48?
False
Is 3398 a multiple of 38?
False
Is 7287 a multiple of 347?
True
Does 11 divide 47430?
False
Is 2733 a multiple of 65?
False
Does 82 divide 7626?
True
Is 47 a factor of 7708?
True
Is 100 a factor of 345?
False
Is 17526 a multiple of 138?
True
Is 9589 a multiple of 74?
False
Is 7425 a multiple of 27?
True
Is 1590 a multiple of 7?
False
Is 360 a multiple of 12?
True
Is 1518 a multiple of 66?
True
Is 1435 a multiple of 35?
True
Does 52 divide 300?
False
Is 2746 a multiple of 20?
False
Does 21 divide 1290?
False
Is 33282 a multiple of 9?
True
Does 15 divide 4410?
True
Is 54096 a multiple of 276?
True
Is 3154 a multiple of 15?
False
Is 3306 a multiple of 8?
False
Is 937 a multiple of 141?
False
Is 19 a factor of 166?
False
Does 38 divide 1026?
True
Is 24 a factor of 457?
False
Is 9 a factor of 119?
False
Is 38 a factor of 28805?
False
Does 17 divide 32708?
True
Is 14 a factor of 2506?
True
Does 191 divide 1671?
False
Is 18 a factor of 1091?
False
Is 3 a factor of 2561?
False
Is 77 a factor of 61572?
False
Is 18809 a multiple of 134?
False
Is 25 a factor of 5463?
False
Does 157 divide 61556?
False
Is 553 a multiple of 79?
True
Does 26 divide 234?
True
Does 26 divide 416?
True
Is 24415 a multiple of 95?
True
Does 51 divide 31722?
True
Is 1529 a multiple of 11?
True
Is 7 a factor of 17344?
False
Is 2779 a multiple of 80?
False
Is 2250 a multiple of 29?
False
Is 135 a multiple of 9?
True
Is 21 a factor of 1060?
False
Is 192 a factor of 39650?
False
Is 89 a factor of 12260?
False
Does 20 divide 17619?
False
Does 24 divide 17208?
True
Is 1141 a multiple of 57?
False
Does 237 divide 59543?
False
Does 130 divide 4420?
True
Does 5 divide 8733?
False
Is 17 a factor of 11339?
True
Is 6 a factor of 37441?
False
Is 2 a factor of 363?
False
Does 186 divide 39990?
True
Does 97 divide 25562?
False
Is 22 a factor of 4183?
False
Is 4 a factor of 1332?
True
Is 5 a factor of 1075?
True
Is 133 a factor of 399?
True
Is 432 a multiple of 12?
True
Is 14 a factor of 3626?
True
Does 10 divide 4256?
False
Does 50 divide 38768?
False
Is 303 a multiple of 61?
False
Is 28 a factor of 1218?
False
Is 3640 a multiple of 52?
True
Is 160 a multiple of 16?
True
Does 8 divide 16216?
True
Does 53 divide 1484?
True
Is 62 a factor of 338?
False
Is 1988 a multiple of 14?
True
Is 76263 a multiple of 11?
True
Is 9415 a multiple of 5?
True
Does 40 divide 11240?
True
Is 53 a factor of 1339?
False
Does 9 divide 126?
True
Is 43 a factor of 989?
True
Is 12 a factor of 23727?
False
Is 5644 a multiple of 4?
True
Does 48 divide 59?
False
Is 39397 a multiple of 94?
False
Does 8 divide 921?
False
Does 11 divide 1067?
True
Is 861 a multiple of 3?
True
Does 46 divide 3258?
False
Is 1061 a multiple of 7?
False
Is 6504 a multiple of 79?
False
Is 714 a multiple of 34?
True
Does 113 divide 508?
False
Is 3861 a multiple of 69?
False
Is 4 a factor of 653?
False
Is 29892 a multiple of 58?
False
Is 20588 a multiple of 14?
False
Is 48 a factor of 4596?
False
Is 9 a factor of 1707?
False
Is 272 a multiple of 17?
True
Is 49 a factor of 37828?
True
Is 208 a multiple of 6?
False
Is 93 a factor of 6791?
False
Does 58 divide 639?
False
Does 6 divide 1286?
False
Does 13 divide 67949?
False
Is 189 a multiple of 9?
True
Is 16 a factor of 13712?
True
Is 137 a multiple of 11?
False
Does 21 divide 768?
False
Is 854 a multiple of 50?
False
Is 144 a multiple of 8?
True
Is 896 a multiple of 18?
False
Is 10 a factor of 72750?
True
Is 8 a factor of 1177?
False
Is 6 a factor of 1920?
True
Does 8 divide 989?
False
Is 3 a factor of 1836?
True
Is 81 a factor of 115344?
True
Is 12 a factor of 5880?
True
Is 29184 a multiple of 12?
True
Is 220 a factor of 16622?
False
Is 156 a multiple of 12?
True
Is 8436 a multiple of 15?
False
Does 16 divide 14750?
False
Does 32 divide 2727?
False
Is 22444 a multiple of 31?
True
Is 550 a multiple of 55?
True
Is 222 a factor of 4218?
True
Is 16 a factor of 2092?
False
Is 472 a multiple of 8?
True
Is 18392 a multiple of 19?
True
Is 1340 a multiple of 20?
True
Is 39036 a multiple of 147?
False
Is 7348 a multiple of 20?
False
Is 25 a factor of 14262?
False
Is 22 a factor of 3508?
False
Does 19 divide 37257?
False
Is 23 a factor of 344?
False
Is 9 a factor of 177?
False
Is 45 a factor of 945?
True
Does 27 divide 83746?
False
Does 7 divide 48?
False
Is 768 a multiple of 64?
True
Is 42 a factor of 1917?
False
Does 22 divide 4668?
False
Does 49 divide 4439?
False
Is 22 a factor of 1897?
False
Is 12126 a multiple of 43?
True
Is 263 a multiple of 19?
False
Is 61 a factor of 24476?
False
Is 15 a factor of 2040?
True
Is 14 a factor of 5684?
True
Is 28 a factor of 3200?
False
Is 1512 a multiple of 6?
True
Is 24 a factor of 6600?
True
Is 61 a multiple of 61?
True
Is 112284 a multiple of 179?
False
Is 55 a multiple of 8?
False
Does 18 divide 1695?
False
Does 25 divide 352?
False
Does 10 divide 151?
False
Does 151 divide 41525?
True
Is 22 a factor of 2240?
False
Does 124 divide 8833?
False
Is 19 a factor of 456?
True
Does 21 divide 2100?
True
Does 11 divide 1142?
False
Is 560 a multiple of 35?
True
Does 36 divide 72?
True
Is 13402 a multiple of 54?
False
Is 50 a multiple of 2?
True
Is 23214 a multiple of 146?
True
Does 83 divide 4719?
False
Is 8 a factor of 1128?
True
Is 7 a factor of 994?
True
Is 880 a multiple of 16?
True
Is 28 a factor of 14896?
True
Does 13 divide 1901?
False
Is 11 a factor of 1578?
False
Is 9284 a multiple of 51?
False
Does 52 divide 2444?
True
Is 23232 a multiple of 24?
True
Is 616 a multiple of 4?
True
Is 34 a factor of 1010?
False
Is 1905 a multiple of 11?
False
Does 40 divide 1797?
False
Does 6 divide 262?
False
Is 4133 a multiple of 90?
False
Does 59 divide 353?
False
Does 18 divide 11124?
True
Does 57 divide 4503?
True
Does 64 divide 2176?
True
Is 19 a factor of 133?
True
Does 5 divide 60?
True
Is 4610 a multiple of 40?
False
Is 6 a factor of 1244?
False
Is 73 a factor of 2847?
True
Does 7 divide 1022?
True
Does 127 divide 2159?
True
Is 42 a factor of 5208?
True
Is 20764 a multiple of 179?
True
Is 15 a factor of 75?
True
Is 1063 a multiple of 14?
False
Is 16 a factor of 5024?
True
Does 30 divide 660?
True
Is 97 a factor of 5501?
False
Does 17 divide 48535?
True
Does 13 divide 29103?
False
Is 34 a factor of 102?
True
Is 242 a multiple of 11?
True
Is 1426 a multiple of 40?
False
Is 40 a factor of 10920?
True
Does 3 divide 5713?
False
Does 39 divide 753?
False
Is 83844 a multiple of 34?
True
Does 20 divide 200?
True
Is 91 a factor of 10283?
True
Does 84 divide 4117?
False
Does 16 divide 1952?
True
Is 9 a factor of 15567?
False
Is 8 a factor of 9961?
False
Does 4 divide 241?
False
Is 14 a factor of 5296?
False
Does 64 divide 1011?
False
Does 67 divide 8158?
False
Does 40 divide 14800?
True
Does 11 divide 16875?
False
Is 190 a multiple of 5?
True
Is 2400 a multiple of 11?
False
Does 2 divide 143?
False
Does 98 divide 3724?
True
Is 11599 a multiple of 64?
False
Is 308 a multiple of 28?
True
Does 25 divide 4125?
True
Is 16 a factor of 11757?
False
Is 51 a factor of 637?
False
Does 24 divide 969?
False
Does 7 divide 3990?
True
Is 11 a factor of 3256?
True
Is 27 a factor of 1027?
False
Is 11 a factor of 1093?
False
Is 67 a factor of 964?
False
Is 34846 a multiple of 16?
False
Is 589 a multiple of 26?
False
Is 12 a factor of 2808?
True
Does 23 divide 2414?
False
Is 27 a factor of 459?
T